f 2321?
1
What is the units digit of 7261?
1
What is the tens digit of 6808?
0
What is the thousands digit of 21613?
1
What is the units digit of 7472?
2
What is the thousands digit of 2541?
2
What is the tens digit of 2515?
1
What is the units digit of 1417?
7
What is the thousands digit of 11074?
1
What is the hundreds digit of 607?
6
What is the thousands digit of 6911?
6
What is the units digit of 7506?
6
What is the hundreds digit of 1878?
8
What is the ten thousands digit of 19604?
1
What is the ten thousands digit of 14561?
1
What is the hundreds digit of 3265?
2
What is the tens digit of 38004?
0
What is the hundreds digit of 1266?
2
What is the units digit of 227?
7
What is the units digit of 601?
1
What is the hundreds digit of 112146?
1
What is the hundreds digit of 4948?
9
What is the thousands digit of 2615?
2
What is the tens digit of 498?
9
What is the units digit of 6612?
2
What is the units digit of 986?
6
What is the thousands digit of 4231?
4
What is the hundreds digit of 20687?
6
What is the units digit of 1016?
6
What is the ten thousands digit of 36881?
3
What is the tens digit of 1691?
9
What is the units digit of 19924?
4
What is the units digit of 6548?
8
What is the hundreds digit of 1926?
9
What is the units digit of 2811?
1
What is the units digit of 7848?
8
What is the thousands digit of 2041?
2
What is the units digit of 8020?
0
What is the tens digit of 3023?
2
What is the units digit of 1170?
0
What is the hundreds digit of 11488?
4
What is the hundreds digit of 7517?
5
What is the thousands digit of 1132?
1
What is the tens digit of 273?
7
What is the tens digit of 65823?
2
What is the tens digit of 76285?
8
What is the hundreds digit of 141665?
6
What is the ten thousands digit of 11793?
1
What is the hundreds digit of 1048?
0
What is the tens digit of 5524?
2
What is the tens digit of 95?
9
What is the tens digit of 1178?
7
What is the units digit of 26581?
1
What is the thousands digit of 5414?
5
What is the ten thousands digit of 75665?
7
What is the ten thousands digit of 97196?
9
What is the tens digit of 1250?
5
What is the tens digit of 11348?
4
What is the thousands digit of 1964?
1
What is the units digit of 878?
8
What is the units digit of 1065?
5
What is the tens digit of 2034?
3
What is the thousands digit of 38689?
8
What is the tens digit of 2074?
7
What is the tens digit of 2658?
5
What is the units digit of 9217?
7
What is the ten thousands digit of 74654?
7
What is the hundreds digit of 365?
3
What is the hundreds digit of 21296?
2
What is the hundreds digit of 1242?
2
What is the thousands digit of 5356?
5
What is the units digit of 139110?
0
What is the tens digit of 3714?
1
What is the thousands digit of 8432?
8
What is the thousands digit of 54898?
4
What is the hundreds digit of 356?
3
What is the thousands digit of 2127?
2
What is the hundreds digit of 4377?
3
What is the tens digit of 5355?
5
What is the tens digit of 243?
4
What is the units digit of 1840?
0
What is the units digit of 913?
3
What is the units digit of 60137?
7
What is the thousands digit of 82775?
2
What is the hundreds digit of 8390?
3
What is the hundreds digit of 49243?
2
What is the tens digit of 51845?
4
What is the tens digit of 1083?
8
What is the units digit of 101726?
6
What is the hundreds digit of 24799?
7
What is the units digit of 1995?
5
What is the units digit of 6092?
2
What is the tens digit of 7797?
9
What is the units digit of 21355?
5
What is the thousands digit of 41410?
1
What is the tens digit of 40551?
5
What is the units digit of 476?
6
What is the hundreds digit of 83433?
4
What is the tens digit of 8533?
3
What is the ten thousands digit of 80659?
8
What is the units digit of 16809?
9
What is the units digit of 4231?
1
What is the hundreds digit of 632?
6
What is the units digit of 16235?
5
What is the units digit of 841?
1
What is the units digit of 328?
8
What is the ten thousands digit of 10099?
1
What is the units digit of 5242?
2
What is the units digit of 546?
6
What is the units digit of 2639?
9
What is the hundreds digit of 12532?
5
What is the hundreds digit of 21610?
6
What is the tens digit of 7001?
0
What is the units digit of 3021?
1
What is the thousands digit of 80352?
0
What is the units digit of 3857?
7
What is the units digit of 965?
5
What is the hundreds digit of 41405?
4
What is the tens digit of 827?
2
What is the hundreds digit of 6197?
1
What is the units digit of 9279?
9
What is the units digit of 1752?
2
What is the thousands digit of 2022?
2
What is the hundreds digit of 13173?
1
What is the units digit of 2211?
1
What is the tens digit of 904?
0
What is the tens digit of 2019?
1
What is the ten thousands digit of 21473?
2
What is the units digit of 4078?
8
What is the units digit of 21770?
0
What is the hundreds digit of 1583?
5
What is the units digit of 764?
4
What is the units digit of 1379?
9
What is the tens digit of 1419?
1
What is the tens digit of 3068?
6
What is the thousands digit of 34209?
4
What is the tens digit of 6993?
9
What is the units digit of 12451?
1
What is the units digit of 3?
3
What is the hundreds digit of 16286?
2
What is the tens digit of 72055?
5
What is the hundreds digit of 3892?
8
What is the thousands digit of 7205?
7
What is the units digit of 684?
4
What is the hundreds digit of 11551?
5
What is the tens digit of 608?
0
What is the units digit of 1522?
2
What is the tens digit of 9194?
9
What is the hundreds digit of 101771?
7
What is the thousands digit of 1281?
1
What is the thousands digit of 24326?
4
What is the units digit of 4836?
6
What is the units digit of 7779?
9
What is the tens digit of 10937?
3
What is the hundreds digit of 7816?
8
What is the hundreds digit of 700?
7
What is the hundreds digit of 579?
5
What is the tens digit of 43581?
8
What is the units digit of 6148?
8
What is the hundred thousands digit of 104834?
1
What is the hundreds digit of 2359?
3
What is the hundreds digit of 10385?
3
What is the units digit of 11803?
3
What is the thousands digit of 2999?
2
What is the hundreds digit of 73748?
7
What is the hundreds digit of 1032?
0
What is the units digit of 425?
5
What is the units digit of 1714?
4
What is the tens digit of 433?
3
What is the tens digit of 620?
2
What is the hundreds digit of 32115?
1
What is the tens digit of 2589?
8
What is the tens digit of 37074?
7
What is the units digit of 10345?
5
What is the units digit of 60?
0
What is the units digit of 285?
5
What is the ten thousands digit of 12920?
1
What is the units digit of 12146?
6
What is the tens digit of 2776?
7
What is the units digit of 187?
7
What is the units digit of 790?
0
What is the thousands digit of 21190?
1
What is the tens digit of 19049?
4
What is the units digit of 235?
5
What is the units digit of 728?
8
What is the hundreds digit of 90307?
3
What is the tens digit of 6808?
0
What is the tens digit of 2917?
1
What is the hundreds digit of 860?
8
What is the units digit of 2594?
4
What is the units digit of 542?
2
What is the ten thousands digit of 83737?
8
What is the thousands digit of 1204?
1
What is the hundreds digit of 1065?
0
What is the units digit of 2175?
5
What is the units digit of 5966?
6
What is the tens digit of 1643?
4
What is the units digit of 14896?
6
What is the tens digit of 4036?
3
What is the tens digit of 399?
9
What is the units digit of 138852?
2
What is the hundreds digit of 21404?
4
What is the hundreds digit of 1152?
1
What is the tens digit of 3502?
0
What is the hundreds digit of 29242?
2
What is the hundreds digit of 488?
4
What is the tens digit of 16124?
2
What is the thousands digit of 34190?
4
What is the hundreds digit of 50931?
9
What is the thousands digit of 1730?
1
What is the hundreds digit of 6552?
5
What is the tens digit of 34094?
9
What is the ten thousands digit of 33924?
3
What is the units digit of 255?
5
What is the tens digit of 6830?
3
What is the hundreds digit of 444?
4
What is the tens digit of 7115?
1
What is the thousands digit of 1369?
1
What is the thousands digit of 1601?
1
What is the units digit of 2052?
2
What is the tens digit of 1000?
0
What is the tens digit of 4921?
2
What is the ten thousands digit of 125647?
2
What is the hundreds digit of 30221?